o**3 + 24*o**2 + o - 14. Calculate the remainder when 35 is divided by u(n).
5
What is the remainder when (2*17)/((-3)/(-9)) is divided by -4*(-82)/12 + (-40)/(-90)*-3?
24
Suppose -4*l + 1720 = 3*f, 5*l + 0*f - 2181 = 4*f. Calculate the remainder when l is divided by 62.
61
Let u(s) = -s - 2. Let o be u(-7). Suppose -q - o*t = -3*q - 25, q + t + 2 = 0. Let m(b) = -4*b - 5. Calculate the remainder when 29 is divided by m(q).
14
Suppose -2*c - 2*m = m - 18, -4*m = 3*c - 26. Let t = 6 - 19. Let n = t + 36. What is the remainder when n is divided by c?
5
Let t be (45/5)/((-1)/(-2))*4. Suppose 13*x - 7*x - t = 0. What is the remainder when x is divided by 3?
0
Let g be (2 - 25/10)*-26. Suppose -u + g = -38. Calculate the remainder when u is divided by 18.
15
Let d(l) = 2*l**2 - 7*l + 18. Calculate the remainder when 238 is divided by d(6).
46
Suppose 0 = m - 13 + 19. Let u = m - -30. Calculate the remainder when 92 is divided by u.
20
Let t be 1624/18 - (-2)/(-9). Suppose -5*u = -195 - t. Let b(m) = -2*m**3 - 13*m**2 - 15*m + 15. What is the remainder when u is divided by b(-5)?
12
Suppose -n + 27 = 3*y, -4*n - 4*y + 76 = -32. Suppose 0 = 10*r - 7*r - n. Suppose -d = -40 - r. What is the remainder when d is divided by 13?
10
Let r(v) = v**3 + 33*v**2 + 24*v - 151. Let l = 66 + -39. Calculate the remainder when r(-32) is divided by l.
24
Let h = -1479 + 1538. What is the remainder when 469 is divided by h?
56
Let n = -22 + 25. Suppose -p + 10 = -n*z + 79, -4*z + 3*p + 92 = 0. Calculate the remainder when 37 is divided by z.
14
Suppose 3 = 3*k + l - 22, 2*k - 5*l = 45. Calculate the remainder when 717 is divided by k.
7
Suppose 15*w - 16*w = 0. Suppose w = -z - 5*x + 39 + 8, x = z - 17. Calculate the remainder when z is divided by 12.
10
Let b(v) = -v**3 - 18*v**2 - 14*v - 22. Let z(t) = t**3 + 18*t**2 + 13*t + 22. Let x(u) = -3*b(u) - 2*z(u). Calculate the remainder when x(-17) is divided by 8.
7
Let d(g) be the third derivative of -g**5/60 + 19*g**4/24 + 35*g**3/6 - 25*g**2. Calculate the remainder when 28 is divided by d(20).
13
Let q(t) = t**3 - 5*t**2 + t - 19. What is the remainder when 3 + (-876)/(-8) - (-2)/(-4) is divided by q(6)?
20
Suppose 6*t = 2474 - 2156. What is the remainder when t is divided by 4?
1
Let k = -89 + 105. Calculate the remainder when 47 is divided by k.
15
Let f = 5 - 3. Suppose f*n - 1 = 15. Let k = n + -2. What is the remainder when 17 is divided by k?
5
Let k be (-52)/14 - 6/21. Let i be k*(-2)/32*8. Suppose c = 5*l - 3*c - 32, -5*l + 44 = i*c. Calculate the remainder when 14 is divided by l.
6
Let y = 155 - 108. Calculate the remainder when y is divided by 24.
23
Let l = 39 + -38. Let g(c) = 21*c**3 + c**2 - 2*c + 1. What is the remainder when 38 is divided by g(l)?
17
Let q = 3107 - 2025. Calculate the remainder when q is divided by 35.
32
Let c(q) = -q**3 - 7*q**2 - 15*q - 16. Calculate the remainder when 133 is divided by c(-5).
7
Let u = 30 - 0. Calculate the remainder when (36/(-15) - -2)*-145 is divided by u.
28
Let f(w) = 43*w**2 + 43*w + 203. What is the remainder when f(-4) is divided by 18?
17
Let w = -66 - -96. Calculate the remainder when 148 is divided by w.
28
Let k(y) = -3*y - 9. Calculate the remainder when 10 + (10/(-4))/((-10)/20) is divided by k(-6).
6
Suppose -96 = 12*n - 20*n. Calculate the remainder when 67 is divided by n/(-9)*6*(-5)/4.
7
Suppose -l - 171 = -20*l. Suppose -i + 4*i + h - 105 = 0, 0 = 5*i + 4*h - 182. What is the remainder when i is divided by l?
7
Suppose -114 = -11*g + 634. What is the remainder when g is divided by 18?
14
Suppose -3*g = -g - 18. Let c(b) = 2*b + 32. What is the remainder when c(-9) is divided by g?
5
Suppose 12*y + 108 - 516 = 0. Calculate the remainder when 64 is divided by y.
30
Suppose 5*d - d = 108. Calculate the remainder when (1 + 128)/(d/126*7) is divided by 25.
11
Let m(q) = q**2 + 12*q + 25. Suppose 0 = 3*p + 4*f + 29, 2*f - 1 = 1. Let b = -11 + 20. What is the remainder when m(p) is divided by b?
5
Suppose -94*a = -1883 - 2253. Calculate the remainder when a is divided by 12.
8
Let z = 433 + -66. Calculate the remainder when z is divided by 95.
82
Suppose t - 3*p = 3 + 22, -2*t - 3*p = -23. Calculate the remainder when (-4)/t + (-197)/(-4) is divided by 5/6 + 97/6.
15
Let b(m) = -m**3 + 2*m + 1. Let o be b(-1). Suppose -5*s - 57 + 17 = o. Calculate the remainder when 33 is divided by 2*4/s - -13.
9
What is the remainder when (-1*1 - 0/(-53))*-243 is divided by 66?
45
Let v = 17 - 15. Let f(u) = u**2 - v*u - 2*u + 3*u + 3*u - 1. What is the remainder when 33 is divided by f(2)?
5
Let g = -30 - -32. Suppose z + 2*z - 11 = -4*t, -g*z + 6 = 3*t. What is the remainder when 13 is divided by z?
4
Suppose 15*l = 13*l + 6. Suppose -3*t - 48 = -3*a - 0*t, 0 = -3*a - l*t + 36. What is the remainder when a is divided by 4?
2
Let j = 645 + -370. What is the remainder when j is divided by 23?
22
Let j(h) = -h**2 + 24*h - 6. Suppose 4*s = -4*k + 6*s + 58, -3*s - 3 = k. What is the remainder when j(21) is divided by k?
9
Suppose -65 - 61 = -6*c. Suppose -2*s + i = 5*i - 8, 4*s = -i + 9. What is the remainder when s + 1 + -3 - -39 is divided by c?
18
Let w = -59 - -61. Let c(t) = -t**3 - 6*t**2 + t + 7. What is the remainder when (5 - 6) + (w - -1) is divided by c(-6)?
0
Let y = 4 + 6. Calculate the remainder when 26/2 - -8*(-5)/40 is divided by y.
2
Suppose -6*q + q = 180. Let i = q + 40. Calculate the remainder when 4 is divided by i.
0
Let h(v) = 4*v**2 + 63*v + 9. Let x(q) = q**2 + 21*q + 3. Let b(d) = -2*h(d) + 7*x(d). Calculate the remainder when b(15) is divided by 24.
21
Suppose -2*c = -3*t + t + 144, 3*t = 2*c + 221. Suppose -147 = -4*r + r. Suppose -31 - r = -4*b. Calculate the remainder when t is divided by b.
17
Let c(l) = 32*l + 202. Calculate the remainder when 609 is divided by c(-6).
9
Let b(u) = -2*u**3 - 4*u**2 - 5. Suppose -4*y = 14 + 2. What is the remainder when b(y) is divided by 15?
14
Suppose -3*k + 34 = -158. Calculate the remainder when k is divided by 4/54*-3 + (-1196)/(-36).
31
Suppose -423 = 2*i - 459. Calculate the remainder when 32 is divided by i.
14
Let x(b) = 2*b**2 + 2*b - 2. Let a be x(-2). Suppose -15 = -a*l + 15. Calculate the remainder when (-20)/l*6/(-4) is divided by 1.
0
Let h be (0/(6/(-2)))/1. Suppose -3*c + 4*b + 21 = -h*b, c = -3*b + 7. Suppose 96 = 5*m + 6. What is the remainder when m is divided by c?
4
Let h(y) = -4*y + 0 - 1 + 58*y**3 - 57*y**3. Let q(j) = -j + 9. Let x be q(6). What is the remainder when 55 is divided by h(x)?
13
Let v(m) be the first derivative of -m**3/3 + 11*m**2/2 + 8*m + 11. Calculate the remainder when 51 is divided by v(10).
15
Let t be (-640)/112 + 2/(-7). Calculate the remainder when 164 is divided by 8*3/(t/(-14)).
52
Suppose 3622*m - 3617*m = 390. Calculate the remainder when m is divided by 14.
8
Suppose -2*w - 147 = -x - 0*w, 2*w = -4*x + 608. Let r = x - 83. Suppose -f + 6 + r = 0. Calculate the remainder when f is divided by 19.
17
Let x(y) = 6*y + 12. Let k(f) = -f**3 - 11*f**2 + 15. Suppose 4*i = 6*i + 22. Let t be k(i). What is the remainder when x(t) is divided by 26?
24
Let r(i) = i**2 + 18. Let j(a) = -a**3. Let d be j(-2). Calculate the remainder when r(d) is divided by 17.
14
What is the remainder when (0 - 22/(-6))/(38/456) is divided by 23?
21
Let j(t) = 5*t - 26. Let i be j(6). Let o(c) = c**3 + 2*c**2 + 2*c - 21. Calculate the remainder when o(i) is divided by 12.
11
Let h = -35 - -34. What is the remainder when (48 + 4)/(h/(-2)) is divided by 35?
34
Let z = 359 - 255. Calculate the remainder when z is divided by 9.
5
Suppose -t - 546 = -2*d + 3*t, -d = 2*t - 293. What is the remainder when d is divided by 22?
19
Let q = 44 - -10. What is the remainder when q is divided by 33?
21
What is the remainder when 168/60*605/22 is divided by 7?
0
Let v(m) = -m**2 - 16*m + 35. Suppose 3*q = -0 - 45. What is the remainder when v(q) is divided by 3?
2
Suppose 2*j - l - 133 = 129, 0 = 5*j + 3*l - 633. Calculate the remainder when j is divided by 12.
9
Let s(b) = b**3 - 2*b**2 + 6*b - 5. Suppose 0 = -2*f + f - 2. Let h = 1 - f. What is the remainder when 65 is divided by s(h)?
21
Suppose -2*p - 2*g = -36, 7*g = -3*p + 5*g + 50. Calculate the remainder when 77 is divided by p.
7
Sup